 -5*g(f) - 2*y(f). What is the remainder when t(27) is divided by 12?
7
Calculate the remainder when 517 is divided by ((-52)/(-10))/((-280)/(-700)).
10
Let i = -114 + 121. Calculate the remainder when 66 is divided by (-2)/(-7) + 243/i.
31
Let o = 17659 + -16847. Calculate the remainder when o is divided by 435.
377
Let t(i) = -5 + 404*i - 409*i - 7. Let k = -11 - -24. What is the remainder when t(-7) is divided by k?
10
Calculate the remainder when 246 is divided by ((-8)/(-2) + -28 + -17)*-1.
0
Suppose 5*v + 0*b = b + 279, b + 224 = 4*v. Let r(c) = c**3 - 38*c**2 - 2*c + 91. What is the remainder when v is divided by r(38)?
10
Suppose -339*q + 6232 = -331*q. What is the remainder when q is divided by 15?
14
Let i = 57 + -34. Suppose -85*k + 89*k + 6*x = 500, -2*x = k - 131. Calculate the remainder when k is divided by i.
15
Suppose 0 = -4*n + 8, 2*n = -0*r + r - 193. Let v = -129 + r. Calculate the remainder when v is divided by 3.
2
Let s = 762 - 1140. Let c = -338 - s. What is the remainder when c is divided by 17?
6
Let q be 9/((-54)/(-444))*(-1)/(-2). Let v = 45 - q. Suppose o = 3*o + 4*a - 38, -5*a = -10. What is the remainder when o is divided by v?
7
Suppose 5*z - 7209 = -1594. Calculate the remainder when z is divided by 113.
106
Suppose -2*k + i = -52, 40*i - 36*i = 3*k - 88. Calculate the remainder when k is divided by 1*(-4)/((-4)/21).
3
Let q = -2844 + 1861. Let u = -721 - q. What is the remainder when u is divided by 66?
64
Let v(r) = -654*r + 5927. Calculate the remainder when 49 is divided by v(9).
8
Let p = 10731 - 10303. Calculate the remainder when p is divided by 85.
3
Let g = -4582 - -4667. What is the remainder when 707 is divided by g?
27
Suppose 28*k - 5*d = 26*k + 574, 9*d = k - 248. Calculate the remainder when 960 is divided by k.
54
Let f = 45 - 36. Let m(r) = -10*r + 132. What is the remainder when m(10) is divided by f?
5
Suppose -3*x = 3*r - 12351, -765 + 4868 = x - r. What is the remainder when x is divided by 17?
13
Suppose -10*y + 6566 = 4*y. What is the remainder when y is divided by 188/12*(-78)/(-26)?
46
Let f(o) = 69 - 177 - 7*o - 3*o - 213. Calculate the remainder when 108 is divided by f(-37).
10
Let r(x) = x**3 + 20*x**2 - 25*x - 8. Let g be r(-23). Let f = 21 - 14. Calculate the remainder when f is divided by 4/(-14) - g/238.
3
Let u(p) = -33*p - 6. Calculate the remainder when u(-5) is divided by (-7 - 4) + (20 + 7 - 12).
3
Let v(y) = 11*y + 4. Let j = -26 - -29. Let z(w) = -2*w + 9. Let s be z(j). What is the remainder when v(s) is divided by 13?
11
Let w(h) = 112*h - 1250. Calculate the remainder when 1854 is divided by w(13).
0
Let d = 107 + -34. Suppose p - 14*f + 10*f - 184 = 0, 4*p + 3*f = 850. What is the remainder when p is divided by d?
62
Let a(s) = 40*s**2 + 3*s - 3. Suppose 0 = 9*b + 5*b - 14. What is the remainder when a(b) is divided by 15?
10
Suppose 0 = -4*v + 3*t + 56 + 295, 0 = 3*v - t - 257. What is the remainder when 1/(((-9)/v)/((-153)/6)) is divided by 12?
10
Let k be 37/(-13) + (-6)/39. Calculate the remainder when 10 is divided by 14/(-6)*k - 16/4.
1
Let j(n) = -n**2 - 19*n - 9. Let o = 350 + -221. Let h = o + -123. Calculate the remainder when j(-6) is divided by h.
3
Let a be -4 - (2 + 4 - 530). Let x = a + -318. Calculate the remainder when x is divided by 21.
13
What is the remainder when 2006 is divided by 77 + -19 + 15 - ((-2)/(-1) - -4)?
63
Let q be (-8)/(-10)*(-5)/(-2). Suppose -26 = -5*o - q*y + y, 4*o + 2*y = 16. What is the remainder when 9/((-78)/(-26) - 16/6) is divided by o?
3
Suppose 5*x = x - 4. Let b = x - 34. Let i = b + 41. What is the remainder when 11 is divided by i?
5
Let a(i) = 3*i**3 - 103*i**2 - 74*i + 156. Let s = 48 + -37. What is the remainder when a(35) is divided by s?
5
Suppose -69126 - 41650 = -122*n. What is the remainder when n is divided by 10?
8
Suppose 4*p - 3*w = -8*w + 164, -5*p + 164 = -4*w. Suppose -4*r = -168 - p. Calculate the remainder when r is divided by 20 - (-15)/225*-105.
12
Let g(l) be the first derivative of l**3/3 + 27*l**2/2 - 118*l - 38. What is the remainder when 26 is divided by g(4)?
2
Suppose -5*s = 4*y - 71, -1405 + 1395 = 2*y - 4*s. Let l be 1042/4 - 1/(-2). Suppose -3*p + 0*p = -l. What is the remainder when p is divided by y?
6
Let l be (10/(-4))/((-34)/68). Let c(g) = -l*g**3 + 7*g + 0 - 3*g**2 + g**3 + 0 + 3. What is the remainder when c(-3) is divided by 6?
3
Suppose 3*r + 3*h + 262 - 1945 = 0, 5*r = 4*h + 2850. Calculate the remainder when r is divided by 191.
184
Let r = 992 - 674. Let o(v) = -8*v - 24. What is the remainder when r is divided by o(-11)?
62
Suppose 0*n - 5*j + 8 = 2*n, -16 = -4*n - j. Suppose f - 196 = -y - 2*y, n*y - 268 = -3*f. What is the remainder when y is divided by 11?
9
What is the remainder when 193 is divided by 2 + 68 + ((-15)/25)/((-1)/(-5))?
59
Suppose 122 = 212*n - 210*n. Suppose 5 = 5*x + 25, 2*x + 182 = 3*a. Let c = n - a. What is the remainder when 4 is divided by c?
1
Calculate the remainder when (0 - (8 - (-135)/(-18)))*-12638 is divided by 21.
19
Let c(w) = -3 - 12 - 2 - 6 + 6*w. Suppose -22*p = -21*p - 14. What is the remainder when c(10) is divided by p?
9
Let z = -67 + 39. What is the remainder when 39 is divided by ((-40)/z)/((-2)/70*-5)?
9
Suppose -3*h - 3*x = -69, 4*h + 42 - 142 = 4*x. Calculate the remainder when 302 is divided by h.
14
Suppose 4*p - 1303 = 2497. Calculate the remainder when p is divided by 37.
25
Suppose -l = 4*l + l. Suppose l = -9*d + 6*d + 87. What is the remainder when 260 is divided by d?
28
Let n(a) = 187*a - 7235. What is the remainder when 8819 is divided by n(40)?
244
Suppose -2*z + 104 = 5*p, -2*z + 3*z - 82 = -4*p. What is the remainder when p is divided by ((-688)/6)/(-8) - ((-8)/188 + (-6030)/(-2538))?
8
Suppose -4 - 1 = 5*l. Let c(b) = 263*b**2 - 4*b. Calculate the remainder when c(l) is divided by 54.
51
Let t(m) = 6*m**2 + 4*m. Let i be t(-3). Suppose 3*u + 154 = 8*u - 3*x, 0 = -u - 5*x + i. Calculate the remainder when u is divided by 9.
5
Let t(f) = 16*f + 91. Suppose -5*l = 2*i + 19, -17 = 3*l - 3*i + 7. What is the remainder when 28 is divided by t(l)?
6
Suppose -476*z + 3654 = -389*z. What is the remainder when z is divided by 4/(-14) - (-340)/14?
18
Suppose 18*i - 29887 - 10145 = 0. Suppose -2125 = 11*j - i. Let t = 265 + -168. Calculate the remainder when t is divided by j.
7
Let i(b) be the third derivative of 5*b**4/12 + 10*b**3/3 + b**2 - 101. Calculate the remainder when 717 is divided by i(1).
27
Suppose -71*w - 272*w = -63*w - 17920. Calculate the remainder when 730 is divided by w.
26
Suppose 5*p + 4*z - 8 = 0, -3*p = -4*z + 5 + 3. Suppose 11*a = -p*a + 2409. What is the remainder when a is divided by 17?
15
Let z(t) be the third derivative of 5*t**4/24 - 13*t**3/3 - t**2 - 4*t. Suppose 0 = 2*s - 81 - 201. What is the remainder when s is divided by z(7)?
6
Let i = -22404 - -22711. Suppose 3*j - 84 = -0*j. What is the remainder when i is divided by j?
27
Suppose 0 = -190*i - 126*i - 51*i + 551968. What is the remainder when i is divided by 11?
8
Suppose m - 3*h + 43 - 129 = 0, -m - 2*h + 101 = 0. Let c(g) = -g**2 + 6*g + 7. Let y be c(4). Calculate the remainder when m is divided by 1/5 + 177/y.
11
Let f = -4035 - -4660. Calculate the remainder when f is divided by 127.
117
What is the remainder when 367 is divided by 31*((-50)/(-5) + -6)?
119
Let p = 41666 - 33118. What is the remainder when p is divided by 62?
54
Suppose 5*x = -2*t + 2989, 1204 = -x + 3*x - 2*t. Let b = x + -570. What is the remainder when b is divided by 19?
10
Let x be (0 - (-1)/(-2))*(31 - 37). Suppose -x*l = 0, 3*l - 234 = -2*j - 0*l. Calculate the remainder when j is divided by 5.
2
Let r = 2311 + -2197. Calculate the remainder when r is divided by 81.
33
Let f(i) = -103*i - 5076. Let v = 60 + -33. Calculate the remainder when f(-50) is divided by v.
20
Suppose 0 = -35*r + 69*r - 4998. Calculate the remainder when 587 is divided by r.
146
Suppose -24*w - 296 = -25*w - 3*d, -5*d = w - 306. Calculate the remainder when w is divided by 131.
19
Let m = 223 + -384. Let j = 168 + m. Calculate the remainder when j is divided by 2.
1
Let s = -97 - 68. Let f = s - -203. Calculate the remainder when 146 is divided by f.
32
Let s(g) be the first derivat